is -10c6a - 28b?
-11228
In base 3, what is 201 - -12012100222?
12012101200
In base 13, what is 131a6 + 782b?
1aa04
In base 5, what is -10 - 133124300?
-133124310
In base 13, what is 3a907a5c + -3?
3a907a59
In base 9, what is -2637 + -266162?
-268810
In base 3, what is 1111022112 - -101120?
1111201002
In base 4, what is 3 + 10233232232213?
10233232232222
In base 16, what is 5 - 1c437d?
-1c4378
In base 7, what is 5 + 100166231?
100166236
In base 5, what is 4 - -1140223020?
1140223024
In base 10, what is 106 + -2948077?
-2947971
In base 9, what is 23 - -1286840?
1286863
In base 7, what is -3 + -14250040?
-14250043
In base 14, what is -9cd0 - -b2?
-9c1c
In base 15, what is -22ac6b3 - 0?
-22ac6b3
In base 4, what is -2200020210101 - -3?
-2200020210032
In base 10, what is 2 + 37784715?
37784717
In base 4, what is -31132212003 - 0?
-31132212003
In base 11, what is -37991aa6 + 1?
-37991aa5
In base 14, what is -20 - 43b75?
-43b95
In base 7, what is 4614 - -3563?
11510
In base 6, what is -1031300 + -1022?
-1032322
In base 9, what is -3 - -3708302?
3708288
In base 11, what is -3 + -1490738?
-1490740
In base 16, what is -5 + -1890ead?
-1890eb2
In base 15, what is 1 + 1a9a942?
1a9a943
In base 7, what is -3164133 - -4254?
-3156546
In base 15, what is 44 - -c3148?
c318c
In base 14, what is 33 + -7b6d5?
-7b6a2
In base 12, what is 18987 + 1131?
19ab8
In base 12, what is -183 + -4010?
-4193
In base 9, what is 184645230 - 4?
184645225
In base 5, what is -1341110312 - -4?
-1341110303
In base 10, what is -3 + 3411981?
3411978
In base 2, what is -10101110100010100 - 101000?
-10101110100111100
In base 15, what is 7322 - -76e?
7a91
In base 13, what is 126 - -2078c?
208b5
In base 15, what is -22 + -c8e4c?
-c8e6e
In base 3, what is -100021221100 - -11100?
-100021210000
In base 11, what is -7a1a93 - 1?
-7a1a94
In base 4, what is 3201133211130 - 2?
3201133211122
In base 11, what is -470 - -1739?
1279
In base 4, what is 11020100 - 1230220?
3123220
In base 11, what is 22343 + -10a?
22234
In base 4, what is 101232 + -32102132?
-32000300
In base 5, what is 124020111432 + 4?
124020111441
In base 6, what is 240443025 + 53?
240443122
In base 7, what is 0 + 2652625?
2652625
In base 3, what is -1010 + -110201212000?
-110201220010
In base 13, what is 1b - -aa8351?
aa836c
In base 5, what is -441 - 32022443?
-32023434
In base 10, what is -13419639 + -5?
-13419644
In base 7, what is -4 - 6056342?
-6056346
In base 10, what is 15083123 - 1?
15083122
In base 12, what is 0 + -77200b?
-77200b
In base 4, what is 12333 + 20123102?
20202101
In base 10, what is -775 - 2997?
-3772
In base 2, what is 1000010111100101000110111 + -10101?
1000010111100101000100010
In base 6, what is -32225224533 - 3?
-32225224540
In base 12, what is -1942 + -34b?
-2091
In base 16, what is b86 - -152?
cd8
In base 6, what is -13 - 132131303?
-132131320
In base 6, what is -43033031033 - 3?
-43033031040
In base 5, what is 10300043 + 2230?
10302323
In base 12, what is 8521a863 + 1?
8521a864
In base 14, what is -9077216 - -5?
-9077211
In base 14, what is 2b9 - 6d6a7?
-6d3cc
In base 13, what is -13b6a - 195?
-14032
In base 3, what is 1012022210202011 + -2?
1012022210202002
In base 13, what is 1a7 - -4627?
4801
In base 13, what is 184 + -2573?
-23bc
In base 16, what is -ac81 + -135?
-adb6
In base 7, what is 12 - -6246103?
6246115
In base 13, what is -1188 - -124?
-1064
In base 7, what is -33503 + 52461?
15655
In base 6, what is -223151 + 5005?
-214142
In base 14, what is 9 - 312481?
-312476
In base 13, what is -7bbc0 + -1b9?
-7c0a9
In base 11, what is -3a69a95 + 5?
-3a69a90
In base 11, what is 4794922 - -17?
4794939
In base 3, what is -100011112112112021 - 0?
-100011112112112021
In base 9, what is -82 - -1758710?
1758617
In base 10, what is -176060 + -368?
-176428
In base 10, what is -4247991 + -2?
-4247993
In base 5, what is -1201 - -414021403?
414020202
In base 6, what is 10503 - -12451520?
12502423
In base 8, what is -3 + 421431625?
421431622
In base 7, what is -1342516 - -1034?
-1341452
In base 9, what is -10 + 672023?
672013
In base 10, what is -6472693 - 3?
-6472696
In base 6, what is -330423454 + 12?
-330423442
In base 12, what is -1 + a85393?
a85392
In base 16, what is 39c38c + 5?
39c391
In base 4, what is -113213122 - -2123?
-113210333
In base 6, what is -3 - -1030205301?
1030205254
In base 4, what is 100020 - -11322033?
12022113
In base 3, what is -1112202000101112 - -100?
-1112202000101012
In base 5, what is 1433 + -1214040?
-1212102
In base 11, what is -4589818 - 7?
-4589824
In base 9, what is 11323417 + -2?
11323415
In base 10, what is -5605 + -10007?
-15612
In base 2, what is -111100010001100 - 10101110?
-111100100111010
In base 4, what is -31001 - 12221230?
-12312231
In base 14, what is -376c2798 + 1?
-376c2797
In base 7, what is -166136 + 10400?
-155436
In base 7, what is -1164 + 21025?
16531
In base 10, what is 2 - 2891081?
-2891079
In base 14, what is 13a614 - 3?
13a611
In base 11, what is -30 - -182865?
182835
In base 5, what is -22002321 - 121?
-22002442
In base 16, what is -35fd - -3204?
-3f9
In base 3, what is -122012120 + 20012?
-121222101
In base 6, what is 115202112 - -10?
115202122
In base 3, what is -21001 - -2200001112?
2122210111
In base 13, what is -a0b - -3a2a8?
3959a
In base 15, what is 14 + -6477d?
-64769
In base 12, what is -15b8 - -229?
-138b
In base 7, what is 41031 + 11465?
52526
In base 9, what is 2 - -6813327?
6813330
In base 4, what is 212200 + -1222220?
-1010020
In base 14, what is -2 - 7235298?
-723529a
In base 9, what is 122377 + 1188?
123576
In base 4, what is 10 - 232000333032?
-232000333022
In base 15, what is 7c93 + -c6?
7bbc
In base 6, what is 1 - 211220010?
-211220005
In base 12, what is 1065b34 + -63?
1065a91
In base 15, what is 67 + 38349?
383b1
In base 7, what is -35202455061 + -1?
-35202455062
In base 6, what is 3234 - 5210253?
-5203015
In base 2, what is 111010101110110000010101 - 0?
111010101110110000010101
In base 9, what is -58815077 - 1?
-58815078
In base 7, what is -1501 + -255425?
-260226
In base 3, what is -110 - 10210001122110?
-10210001122220
In base 14, what is 0 + 64165?
64165
In base 8, what is -113 + -2550053?
-2550166
In base 11, what is -28 + 471708?
471690
In base 2, what is 1110101001111100101100000 - -1?
1110101001111100101100001
In base 6, what is -1010321 + 11345?
-554532
In base 7, what is -1531353535 - 0?
-1531353535
In base 15, what is -165 + 2ec4?
2d5e
In base 7, what is 3013502644 + 0?
3013502644
In base 3, what is 110210012 - 1220?
110201022
In base 16, what is 21078 + -42a?
20c4e
In base 12, what is -4b312 - 4a?
-4b360
In base 7, what is 1113503053 - -3?
1113503056
In base 13, what is 628c - 1bb?
60a1
In base 12, what is 711a - b7?
7023
In base 2, what is -1101000101001110011101 + 110110?
-1101000101001101100111
In base 14, what is 3694 + 1a5?
3859
In base 9, what is 5225 - -170?
5405
In base 7, what is -3216665 + 130?
-3216535
In base 3, what is 1112220021202 + -1011?
1112220020121
In base 3, what is -1020112001212 + -210?
-1020112002122
In base 10, what is -54168 - -596?
-53572
In base 9, what is -18 + 23832353?
23832334
In base 9, what is 37148705 - 2?
37148703
In base 15, what is 10 + 181e26?
181e36
In base 11, what is -2 - -21389110?
21389109
In base 8, what is 5 - -235012477?
235012504
In base 14, what is -2b0762 - 4?
-2b0766
In base 2, what is 11000001111000000010000 + 1010?
11000001111000000011010
In base 9, what is -2251617 - 60?
-2251677
In base 4, what is -301 + -21231200?
-21232101
In base 11, what is 2a378489 - -a?
2a378498
In base 10, what is -8156 + 869?
-7287
In base 6, what is -514125531 + -1?
-514125532
In base 16, what is 3 + -c795c5?
-c795c2
In base 5, what is -4 + 10023313443?
10023313434
In base 4, what is 3031203330122 + 0?
3031203330122
In base 16, what is b50b + -3d?
b4ce
In base 15, what is -52 - -175056?
175004
In base 10, what is -67375448 + -3?
-67375451
In base 11, what is 4 + -55aa85?
-55aa81
In base 12, what is 3 - 83349810?
-83349809
In base 7, what is -4101 - 3224?
-10325
In base 9, what is 268243668 - -3?
268243672
In base 2, what is 100000001110000110 - 1101?
100000001101111001
In base 8, what is 65 - -3304244?
3304331
In base 13, what is -8c + -3b7013?
-3b70a2
In base 10, what is 52368322 - 2?
52368320